is 561 (base 14) in base 8?
2051
Convert 1111 (base 9) to base 12.
584
-225337 (base 8) to base 7
-436031
136830 (base 9) to base 13
2c199
3c2 (base 15) to base 7
2333
What is 2994 (base 10) in base 2?
101110110010
-527 (base 14) to base 3
-1101121
13304 (base 5) to base 16
437
What is -65275 (base 8) in base 4?
-12222331
What is -2a0a (base 16) in base 4?
-2220022
What is -1453 (base 9) in base 14?
-589
Convert -4104 (base 5) to base 13.
-319
What is -30232 (base 5) in base 2?
-11110010110
What is -1024 (base 7) in base 12?
-261
-4024 (base 9) to base 3
-11000211
What is 22202102 (base 3) in base 13?
2ba0
3791 (base 14) to base 13
4577
What is -27723 (base 8) in base 7?
-50460
Convert -174 (base 16) to base 14.
-1c8
-1304 (base 14) to base 8
-6410
-403332 (base 5) to base 6
-140011
2342 (base 7) to base 3
1011222
-53212 (base 6) to base 2
-1110000101000
Convert 101012 (base 4) to base 15.
4ce
What is 357a (base 11) in base 14?
19c9
-68d (base 14) to base 3
-1210012
What is -606 (base 11) in base 7?
-2064
What is 565 (base 14) in base 11?
892
4550 (base 6) to base 8
2062
416 (base 11) to base 2
111110101
2889 (base 11) to base 6
25131
-100110011011 (base 2) to base 16
-99b
Convert 1665 (base 9) to base 10.
1274
What is -344 (base 16) in base 10?
-836
-213102 (base 4) to base 16
-9d2
What is -31322 (base 6) in base 15?
-13bb
What is -22221 (base 3) in base 10?
-241
What is 122333 (base 4) in base 14?
8b5
1890 (base 14) to base 16
1156
What is -a (base 12) in base 16?
-a
What is -3c06 (base 14) in base 2?
-10100101011110
Convert -6105 (base 12) to base 11.
-79a1
What is 27815 (base 9) in base 12?
ab1b
148 (base 10) to base 11
125
What is -2300003 (base 4) in base 15?
-3512
What is 29b0 (base 16) in base 8?
24660
Convert 18352 (base 9) to base 11.
9590
112011200 (base 3) to base 16
285c
-1103 (base 16) to base 2
-1000100000011
-23330223 (base 4) to base 3
-2111010120
What is 210201 (base 3) in base 5?
4321
Convert 5423 (base 6) to base 16.
4d7
2367 (base 13) to base 10
4986
Convert 10001 (base 5) to base 2.
1001110010
Convert 58615 (base 10) to base 16.
e4f7
Convert -616 (base 9) to base 6.
-2153
-3364 (base 11) to base 16
-114a
10122010 (base 3) to base 11
1a99
Convert 10 (base 6) to base 5.
11
Convert -212121 (base 3) to base 13.
-3a0
1651 (base 10) to base 14
85d
-249c (base 14) to base 15
-1d75
What is 21031 (base 5) in base 10?
1391
What is -a4a (base 11) in base 13?
-763
-1331 (base 6) to base 13
-205
What is 63 (base 10) in base 4?
333
What is 35b8 (base 13) in base 15?
23ac
Convert 203a (base 14) to base 7.
22103
What is 201301 (base 4) in base 3?
2222001
Convert 22362 (base 8) to base 4.
2103302
What is 101001000 (base 2) in base 4?
11020
1335 (base 9) to base 7
2633
546 (base 12) to base 2
1100000110
-672 (base 10) to base 9
-826
-52d (base 15) to base 14
-5d6
Convert -1461 (base 9) to base 2.
-10001010100
What is 557 (base 16) in base 12?
95b
What is 164 (base 15) in base 16?
13f
What is 20552 (base 7) in base 12?
2b38
What is -1b4 (base 13) in base 3?
-102201
Convert -4677 (base 10) to base 2.
-1001001000101
-435 (base 14) to base 3
-1010210
What is 103032 (base 4) in base 5?
14410
Convert -12022020 (base 3) to base 7.
-14163
What is 103121 (base 5) in base 14?
1408
What is 100000011010111 (base 2) in base 6?
204503
4239 (base 11) to base 8
12750
What is 143 (base 8) in base 4?
1203
What is 4011 (base 5) in base 12?
362
What is -1020121 (base 3) in base 10?
-907
10294 (base 10) to base 15
30b4
What is -22051 (base 8) in base 4?
-2100221
What is -5222 (base 12) in base 4?
-2023322
210151 (base 6) to base 11
11788
110201 (base 3) to base 15
17d
11100000100101 (base 2) to base 3
201201100
197 (base 15) to base 4
11233
Convert -3003 (base 5) to base 16.
-17a
Convert -1701b (base 13) to base 8.
-125674
What is -1170 (base 9) in base 4?
-31221
What is -8e (base 15) in base 2?
-10000110
-34b (base 13) to base 14
-2ca
11323 (base 5) to base 10
838
Convert 3533 (base 6) to base 14.
449
Convert -101004 (base 5) to base 2.
-110010110110
214320 (base 5) to base 2
1110100100100
103553 (base 6) to base 11
6542
Convert 286 (base 13) to base 15.
1ed
Convert -568 (base 10) to base 13.
-349
Convert 9de7 (base 15) to base 14.
c301
What is -110 (base 13) in base 12?
-132
-308 (base 11) to base 16
-173
What is 1014 (base 10) in base 2?
1111110110
What is 1657 (base 14) in base 13?
1a86
What is eb7 (base 16) in base 3?
12011112
4341 (base 10) to base 9
5853
Convert -1220022211 (base 3) to base 10.
-37417
-2544 (base 6) to base 7
-1603
-344d (base 15) to base 8
-25532
16414 (base 12) to base 6
402424
Convert -231111 (base 4) to base 3.
-10222110
-2005 (base 7) to base 13
-412
Convert 2ba1 (base 13) to base 15.
1d59
What is -1311 (base 9) in base 5?
-12412
Convert -3ba4 (base 14) to base 12.
-6118
Convert b9a6 (base 12) to base 6.
234330
What is -58 (base 14) in base 9?
-86
What is -1314324 (base 5) in base 6?
-321210
Convert -176 (base 13) to base 14.
-150
What is -58155 (base 9) in base 14?
-101b2
-11011210 (base 3) to base 9
-4153
What is 827 (base 13) in base 8?
2551
Convert b5 (base 14) to base 12.
113
What is -627 (base 11) in base 8?
-1363
-12033113 (base 4) to base 7
-134342
What is 14604 (base 7) in base 11?
3071
What is 78a1 (base 13) in base 15?
4ee2
What is -3111 (base 6) in base 14?
-375
-143013 (base 5) to base 16
-1778
What is 5650 (base 10) in base 7?
22321
1120012 (base 3) to base 16
473
Convert 462 (base 14) to base 13.
51c
Convert 1324 (base 5) to base 10.
214
4427 (base 10) to base 16
114b
-20422 (base 5) to base 8
-2522
101 (base 10) to base 4
1211
Convert 1572 (base 11) to base 8.
3737
What is -233032 (base 6) in base 11?
-14120
Convert -3c6e (base 16) to base 5.
-443340
Convert -2af (base 16) to base 4.
-22233
-2413 (base 9) to base 8
-3402
What is 18 (base 14) in base 3?
211
Convert 1110200 (base 3) to base 9.
1420
Convert dcb (base 15) to base 8.
6054
Convert -a183 (base 11) to base 12.
-79aa
Convert 22134 (base 6) to base 16.
c0a
Convert -1223323 (base 4) to base 2.
-1101011111011
Convert 1660 (base 12) to base 4.
221220
What is -111101001101100 (base 2) in base 5?
-2000330
What is -54010 (base 6) in base 16?
-1cb6
-2c4 (base 13) to base 5
-3443
Convert 3343 (base 15) to base 8.
25157
11212111 (base 3) to base 14
1418
What is 112210211 (base 3) in base 8?
25053
Convert -101000101001111 (base 2) to base 15.
-627a
What is 1210220 (base 4) in base 11?
4925
What is 249c (base 15) in base 7?
31506
-1103203 (base 4) to base 14
-1d3d
Convert -39161 (base 12) to base 8.
-230231
14b1 (base 12) to base 11
1916
-11602 (base 7) to base 6
-22024
Convert -1662 (base 7) to base 4.
-22221
992 (base 11) to base 15
545
Convert -178 (base 12) to base 6.
-1032
395 (base 10) to base 16
18b
What is -318 (base 16) in base 3?
-1002100
3113 (base 7) to base 15
4c8
-1274 (base 13) to base 15
-ba5
-4547 (base 11) to base 3
-22012111
Convert -2010021 (base 4) to base 2.
-10000100001001
-a9b (base 13) to base 12
-1076
155 (base 10) to base 13
bc
Convert -1101111011110011 (base 2) to base 5.
-3311300
What is -348 (base 9) in base 14?
-167
What is 3133131 (base 4) in base 13?
6681
2ce (base 15) to base 12
458
Convert -41051 (base 6) to base 3.
-21110011
Convert 230041 (base 5) to base 15.
2631
-5676 (base 8) to base 14
-114a
What is 14470 (base 8) in base 11?
493a
-dd5 (base 14) to base 10
-2735
What is 1eb (base 16) in base 8?
753
102222122 (base 3) to base 6
104242
21122 (base 6) to base 13
13bb
What is -4b4 (base 16) in base 9?
-1577
What is 1100120011 (base 3) in base 10?
26653
What is 133305 (base 8) in base 16?
b6c5
-11341 (base 8) to base 12
-2969
Convert -379 (base 10) to base 3.
-112001
What is -368 (base 9) in base 2?
-100110001
Convert 1151 (base 6) to base 7.
553
What is 20302201 (base 4) in base 12?
18a01
Convert -14317 (base 8) to base 7.
-24342
-337 (base 8) to base 16
-df
Convert 3759 (base 12) to base 2.
1100001110101
33342 (base 11) to base 12
23b71
What is -a1a (base 12) in base 15?
-677
Convert -27477 (base 9) to base 4.
-10202323
111001021 (base 3) to base 2
10010100100111
What is 266 (base 10) in base 4?
10022
df4 (base 16) to base 12
2098
Convert -72 (base 16) to base 11.
-a4
Convert -1118 (base 9) to base 7.
-2261
Convert 386 (base 14